+ 3. Let g(v) = -p*v + 3 + v + 1. Let h be -1 - (4 + -3 + 2). What is g(h)?
8
Let z(c) be the second derivative of 1/3*c**3 + 5/2*c**2 - c + 0. Let j = 64 + -68. Calculate z(j).
-3
Let k = -10 - -15. Let g(v) = -v + 7. What is g(k)?
2
Let i = -10 - -12. Let w(b) be the second derivative of -b**5/20 + b**4/12 + 2*b**3/3 - 3*b**2/2 + 2*b. Give w(i).
1
Let j(b) = -5 + 0*b + 4 + 3*b - 2*b. Determine j(3).
2
Suppose 5*z + 1 = 6*z. Let h(m) = -6*m**2 - 16*m + 6. Let s(o) = 3*o**2 + 1 - 6*o + 3*o - 4*o**2. Let g(v) = 2*h(v) - 11*s(v). Calculate g(z).
1
Let n(i) = i**3 - 4*i**2 + 2*i - 4. Let a be n(4). Let c(v) = a - 3*v - 2*v + 6*v. What is c(4)?
8
Let o(g) = 12*g + 1. Suppose 2 = 5*i - 4*i. Suppose 10 = 2*h, w = i*w - h + 6. Calculate o(w).
-11
Let j = 34 + -35. Let c(x) = 14*x**3 + 2*x**2 + x. What is c(j)?
-13
Let t(n) = -6*n + 4 + 0*n + 7*n + 0*n. Calculate t(0).
4
Let x(v) = 6*v + 1 + 3*v**2 - 8 - 4*v**2. Calculate x(6).
-7
Suppose 4*f + 5 = 3*f, -5*s = 3*f. Let w(z) = z**3 - 2*z**2 - 3. Calculate w(s).
6
Let k(r) = -r**3 + 5*r**2 + 2*r - 5. Let i be 1*6 - (3 - 2). Let y be k(i). Let f(n) = y + n + n - 3*n. What is f(4)?
1
Let d(g) = g**2 + 4043*g - 4041*g - 2*g**2 - 1. Let x be (2/(-3))/((-1)/3). Give d(x).
-1
Suppose 2*k - 5 - 1 = 0. Let x(n) = -4*n**2 - 3 + 2*n - 4*n - n**k + 4*n. Calculate x(-5).
12
Let m be (-26)/(-4) - (-3)/(-6). Let z(a) = -a**2 + 7*a + 3. Calculate z(m).
9
Suppose 10*i + 3*a = 5*i - 9, -5*a = 15. Let x(c) = -4 - 8*c**2 + 5 + i*c + c. What is x(-1)?
-8
Let y(c) = 9 + c + 2*c + 8*c. Let a(m) = -5*m - 4. Let h be -5 + 2 - (0 - 16). Let t(n) = h*a(n) + 6*y(n). What is t(2)?
4
Let f(x) = -x + 1 + 2*x**3 + 2 - x**3 + x**2. Suppose 4*w - 6 = w. Let q = w - 2. What is f(q)?
3
Let q(l) = -l. Suppose 10*y = -7 - 33. Calculate q(y).
4
Let f(n) = -7*n**3 - 2*n**2 - 2*n - 1. Suppose 3 - 6 = -u. Suppose 5*b = 3*v - 12, u*v - 7*v - 7 = b. Calculate f(v).
6
Let d(a) = -a + 12. Let j be d(10). Let m(h) = 9*h - j*h - 4*h - 2 - 4*h. Suppose b - 4*b + 12 = 0. What is m(b)?
-6
Let f(w) be the second derivative of -w**5/20 + w**4/3 + 2*w**3/3 - w**2 - 10*w. What is f(5)?
-7
Let s(v) = -5*v**2 - 3*v + 7. Let t(m) = -14*m**2 - 10*m + 22. Let d(g) = -11*s(g) + 4*t(g). Determine d(-8).
3
Let k(c) be the third derivative of c**4/24 - 2*c**3/3 - c**2. Suppose -2*h = 5*b - 5, 5*h - 5*b + 3 = -2. Calculate k(h).
-4
Let m(n) = n**3 + 4*n**2 - 3*n + 4. Suppose -10*d + 60 = -15*d. Let f = -17 - d. What is m(f)?
-6
Let r(c) = -2*c**2 + c + 5. Let p(z) = z**2 - 3. Let j(o) = -7*p(o) - 4*r(o). What is j(2)?
-3
Let i be (-2)/(0 + (-8)/12). Suppose -i*k = -8*k. Let m(c) = c - 7. Give m(k).
-7
Let n(m) = m - 1. Let l(v) = 5*v - 10. Let j(p) = l(p) - 4*n(p). Let c = 1 + -1. Let t = 0 + c. Calculate j(t).
-6
Let l(g) be the third derivative of 1/120*g**5 + 1/3*g**3 + 0*g + 2*g**2 + 0 - 1/4*g**4. Let r(q) be the first derivative of l(q). Calculate r(5).
-1
Let d(k) = -k**3 + 6*k**2 - k + 5. Let f be ((-30)/(-8))/(1/(-4)). Let u = f + 21. Calculate d(u).
-1
Let s(f) = -3 - 5*f + 0*f + 6*f. Give s(-5).
-8
Let k(t) = -t + 8. Let y be 4/6 + (-10)/15. Let j be (0 + y)/(-1 + 0). What is k(j)?
8
Let a(c) = 3*c**3 + c. Let v(j) = -j**2 + 8*j + 19. Let m be v(10). Determine a(m).
-4
Let n(l) = l**3 + 5*l**2 + 1. Suppose 0 = -2*k - f + 11, -3*k + 28 = 5*f + 1. Let a = k + -9. Determine n(a).
1
Let l(a) = -a - 6. Let h be (-3 + -7 + -2)/(-7 - -5). What is l(h)?
-12
Let j(z) = 6*z + 2. Let s(m) = 2*m + 1. Let y(f) = 5*j(f) - 14*s(f). Let x be y(3). Let h(w) = -2 + x*w + 0 - 3*w. What is h(3)?
-5
Let m(w) = w**2 - 3*w + 1. Let p be m(3). Let b(q) = -5*q**2 + p - 3 - q - 2*q**3 + q**3 + 4. Determine b(-5).
7
Let u(l) = -l**3 + 6*l**2 - 6. Let x(r) = 3*r**2 + 2*r + 6. Let d(o) = 5*o**2 + 4*o + 11. Let g(w) = -4*d(w) + 7*x(w). Let q be g(-2). Determine u(q).
-6
Let f(s) = 5*s**2 + s + s**2 - 3*s**3 + 1 - 7*s**2. Let n(p) = p**3 + 3*p**2 - p - 4. Let o be n(-3). Give f(o).
2
Let a(x) = 5*x**2 - 5*x + 4. Let l(r) = 11*r**2 - 9*r + 7. Let t(o) = -7*a(o) + 4*l(o). Give t(-1).
10
Let q(h) = 3*h + 2*h**2 - 7 + 4 - 3*h**2. Determine q(2).
-1
Let z be 1/(-2)*0/1. Let g(v) be the third derivative of -v**5/60 - v**4/24 + 5*v**3/6 - 5*v**2 + 17. Give g(z).
5
Let q(u) be the second derivative of u**4/12 - u**3 + u**2/2 + 16*u. What is q(3)?
-8
Let h(n) = n**3 - 3*n**2 + n. Let d(f) = 6 + 0*f**2 - f - f**2 - 6*f. Let o be d(-8). Let j be (-2 - -4) + (-1 - o). Calculate h(j).
3
Let a(k) = -29 + 11*k - 2*k**2 - 3*k**2 - 2*k. Let b(o) = 2*o**2 - 3*o + 10. Let c(r) = -3*a(r) - 8*b(r). Give c(-6).
-11
Let n(v) = -3*v**3 - 2*v**2 - 4*v - 2. Let i(w) = 8*w**3 + 6*w**2 + 11*w + 5. Let c(y) = -4*i(y) - 11*n(y). Determine c(3).
11
Let x(o) be the second derivative of o**4/3 + o**3/6 - 3*o + 6. Determine x(-2).
14
Let w(q) = q**2 - 5*q. Let v(u) = -2*u. Let n(m) = -7*v(m) + 3*w(m). Suppose -4*r = -0*r - 16. Suppose -3*i - 15 = -2*a - r, -a + 2 = 2*i. What is n(i)?
4
Let z(k) be the second derivative of -1/2*k**2 + 0 + 0*k**4 + k + 1/20*k**5 + 1/6*k**3. Give z(0).
-1
Let r = -134 - -130. Let h(p) = -2*p - 2. Give h(r).
6
Let o = -111 + 117. Let u(s) = s**3 - 6*s**2 - 8. What is u(o)?
-8
Let u(y) = -y**3 + y - y**3 - 559 + 556 + 3*y**2. Determine u(3).
-27
Let x(j) = -5*j**3 + 1. Let u(z) = -z + 28. Let g be u(27). Give x(g).
-4
Let i be (-66)/(-54) + 4/(-18). Let j(v) be the second derivative of 7*v**5/20 + v**3/3 - v**2/2 + 2*v. Give j(i).
8
Let y(z) = z**2 + 8*z**3 + 0*z**3 - 7*z**3 + 1 + 3*z. Determine y(-2).
-9
Let h(y) be the third derivative of -1/24*y**4 + 0*y + 3/2*y**3 - y**2 + 0. Determine h(4).
5
Let s(o) = -o - 1. Let i be s(-1). Let k(c) be the second derivative of c**5/20 - c**4/12 - 5*c**2/2 - 10*c. Calculate k(i).
-5
Suppose -4*u + 8*u - 8 = 0. Let v(a) = 2*a**u - a**3 - 5*a + 3*a**2 + 3 + a**2. Give v(5).
3
Let z(g) = 10*g + 4*g - g**2 + 11 + 6*g - 14*g. Determine z(8).
-5
Let f(v) = 4*v**3 - 9*v**2 + v. Let o(q) = -5*q**3 + 10*q**2 - 2*q. Let z(a) = -6*f(a) - 5*o(a). Suppose -3*u = -2 + 14. Determine z(u).
-16
Let g(y) = 2*y - 7. Let l(u) = -4*u + 14. Let z(k) = -7*g(k) - 4*l(k). Let t(s) = -s**2 - s - 1. Let a(n) = t(n) - z(n). Suppose 0 = -4*b + 3 - 23. Give a(b).
-4
Let q(d) = d**3 + 3*d + 5*d**2 + 9 - 3 - 9*d. Calculate q(-6).
6
Let t(p) = 9*p + 8*p + 2 - 18*p. Calculate t(-3).
5
Suppose i = -v, 0 = -v + 3*i + 2*i. Suppose -4*c + v + 4 = 0. Let x be (6/(-15))/(c/5). Let u(q) = -3*q - 3. What is u(x)?
3
Let a(m) = -m**3 + m**2 - 2. Suppose 2*w - 33 = -9*w. Calculate a(w).
-20
Let a(c) = -2*c**2 - 1. Suppose -2*w + 6*w - 2 = 3*v, 2*v = 2*w - 2. Calculate a(w).
-3
Let d(h) = 9*h**3 + h - 1. Let m = 5 + -4. What is d(m)?
9
Let l(d) = 5*d - 3. Let n(m) = -2*m + 1. Let w(q) = 3*l(q) + 8*n(q). Calculate w(-7).
6
Let m(f) = -f**3 - f**2 + 5*f. Let j(h) = -h**3 - h**2 + 4*h + 1. Let n(s) = -6*j(s) + 5*m(s). Give n(0).
-6
Let f(k) = 4*k**3 - k**2 + k - 1. Let h be (7 + -10)*(1 - 3). Let b = -5 + h. Determine f(b).
3
Let t(v) = v**2 - 8*v - 4. Let l(k) = -3*k**2 + 25*k + 13. Let p(b) = 2*l(b) + 7*t(b). Determine p(7).
5
Suppose -3*f - 2*c + 1 = 0, 5*f = -2*c + 7*c + 35. Let q(v) = -f*v**2 + 2*v**2 - 5*v + 2 - 3. Calculate q(-4).
3
Let d(g) = -g**3 - g**2 + 4*g - 1. Let i be d(-3). Suppose -9 = -i*f + 1. Let u(m) be the second derivative of m**4/12 - 2*m**3/3 + 5*m. What is u(f)?
-4
Suppose 3*v = -0*v - 15. Let s be (v/2 - -2)*2. Let k(y) = 4*y**3 + 4*y**2 - 5. Let t(q) = 3*q**3 + 3*q**2 - 4. Let x(d) = 5*k(d) - 6*t(d). Give x(s).
-1
Let i be (-3)/(-6)*(-3 - -1). Let p be 1/(i - (-20)/24). Let c(d) = d**2 + 5*d - 3. Calculate c(p).
3
Let r(i) = 10*i**2 + 10*i**2 + 3*i - 20*i + 18 + 9 - 20*i**3. Let d(w) = 7*w**3 - 7*w**2 + 6*w - 9. Let v = -17 - 0. Let y(c) = v*d(c) - 6*r(c). What is y(0)?
-9
Let x(p) = p**2 + 7*p + 6. Suppose 5*f - 2 + 7 = 0, 15 = -g - 2*f. Let y = g + 9. What is x(y)?
-6
Let q(w) = 2*w**2 - 2*w + 1. Let v = -63 - -65. Determine q(v).
5
Let j(x) = x**3 - 2*x**2 - 2*x - 3. Let u = -1 + 2. Let t(m) = -m**3 + 5*m**2 + 5*m + 5. Let f be t(6). Let k be 3*-1*u/f. Calculate j(k).
0
Let g(n) be the second derivative of -n**5/20 - n**4/4 - 5*n**3/6 - 2*n**2 + 4*n. Calculate g(-3).
11
Suppose 0 = -2*h + 3*h + 2*l + 11, 0 = -2*h + 5*l + 14. Let g(m) be the second derivative of 5*